 -28974. What is the tens digit of (y/400)/(1 - 6/10)?
5
Suppose 2037907 + 1988692 = 167*v - 465534. What is the thousands digit of v?
6
Let r = -52 - -85. Suppose r*h = -14*h + 39527. What is the units digit of h?
1
Suppose -2*u + i = -11821, 5*u + 2*i - 43888 = -14331. What is the tens digit of u?
1
Let u(p) = 20*p**2 - 4*p + 12. Let i be u(-7). Suppose 0 = 3*t - z - 1520, 2*z + i = 3*t - t. What is the hundreds digit of t?
5
Suppose 0 = -1005*s + 996*s + 180. Suppose -15252 - 1368 = -s*d. What is the hundreds digit of d?
8
Suppose -12*t = -11*t + 2*c - 12658, -2*t = -5*c - 25352. What is the hundreds digit of t?
6
What is the hundreds digit of (8 - (-6)/2)/(2/3722)?
4
Suppose 48123 = 10*i - 7*i + 411. What is the thousands digit of i?
5
Let j = -166 + 475. Let u = 788 - j. What is the hundreds digit of u?
4
Let v(d) = 13*d**2 - 4*d + 13. Let r(h) = -7*h**2 + h - 6. Let y(p) = -9*r(p) - 4*v(p). What is the hundreds digit of y(-4)?
1
Suppose -2*m = -c - 48583, -46875 = -4*m + 5*c + 50276. What is the ten thousands digit of m?
2
Let k be ((-42)/(-35))/(3/(-2230)). Let b = k - -1525. What is the tens digit of b?
3
Let v(u) = 4*u**2 + 10*u - 669. What is the hundreds digit of v(64)?
3
Let w(r) = 12*r - 132. Let m be w(11). Suppose 28*l - 41*l + 3185 = m. What is the units digit of l?
5
Let i be (63 - 3)/(((-5)/6)/(-5)). Suppose 2*o + 140 = i. Suppose 0 = -0*g + g - o. What is the hundreds digit of g?
1
Suppose 5*r - 1650 = 5*v - 0*v, 0 = -5*v + 2*r - 1638. Let u = -663 - v. Let i = -231 - u. What is the tens digit of i?
0
Let c(a) = -15 - 105*a - 11 - 9 - 1 + 0. What is the thousands digit of c(-11)?
1
Let m(o) = 6347*o - 10892. What is the hundreds digit of m(6)?
1
Let v(a) = -55*a - 35. Let d(x) = 8*x - 16 + 4*x - x + 23. Let k(g) = -22*d(g) - 4*v(g). What is the hundreds digit of k(-7)?
1
Suppose n + 1488 - 4232 = -3*x, -5*x = 5*n - 13760. What is the tens digit of n?
5
Suppose -25*g - 73*g + 2432752 = 0. What is the hundreds digit of g?
8
Let p be 10/(-2)*16/(-40). Let a be p/6 - 2/6. Suppose -w + 42 = j, a = -w + 2*j + 36 + 3. What is the units digit of w?
1
Let y be (7/21)/((-3)/9). What is the hundreds digit of y/(76/(-8672)) + 2/(-19)?
1
Let q(r) = -2*r - 6. Let d be q(2). Let k(y) = -y**2 - 12*y - 16. Let v be k(d). Suppose -v*g - b + 192 = -2*b, -g + 2*b + 48 = 0. What is the tens digit of g?
4
Suppose j = 4*o - 181157, o + 86*j - 45293 = 87*j. What is the tens digit of o?
8
Let t(n) = -n**2 - 5*n. Let l be t(-4). Suppose w - 25 = -l*w. Suppose 8*p - w*p = 141. What is the tens digit of p?
4
Let h = -14008 + 22973. What is the units digit of h?
5
Suppose -2*t - t = -4*c + 50, t - 10 = -4*c. Let a be 1/(2/2 - (-8)/t). What is the units digit of 4/10*a - -3?
5
Let g = 2558 + -2261. What is the units digit of g?
7
Suppose -n + p + 114 = 3*n, -2*n + 48 = 4*p. Let o(x) = 2*x - 2. What is the units digit of o(n)?
4
Suppose -123*t = -645702 - 1482567. What is the tens digit of t?
0
Suppose -279 = -5*g - 2*o + 221, -274 = -3*g + 4*o. Let x = g + 420. What is the units digit of x?
8
Suppose 14711 = 4*u - 3*a, a = u + 177 - 3854. What is the tens digit of u?
8
Let f(j) = 85 + 77 + 4*j - 19 + 0*j. What is the tens digit of f(-10)?
0
Let z be 3/(-1)*2/12*-2. Let o be (4 - 1) + z/((-2)/(-216)). Suppose -8*x = -847 + o. What is the units digit of x?
2
Let w = 10 - -5. What is the units digit of ((-6)/9)/(((-8)/w)/4)?
5
Let n(s) = 10*s**2 + 112*s - 175. What is the tens digit of n(46)?
3
Let m(o) be the first derivative of o**3/3 + 15*o**2/2 - 34*o - 7. Let a be m(-17). What is the units digit of a/3 + -1 + 66?
5
Let k = -61053 - -91360. What is the tens digit of k?
0
Let n = -388 - -404. What is the units digit of -2*((-6536)/n - 2)?
1
Let m = -73336 + 6661. What is the hundreds digit of 1/9 + (-17)/(2295/m)?
4
Suppose 0 = -2*l + i + 35449 - 485, 0 = l + 2*i - 17482. What is the tens digit of l?
8
Let w(a) = -a + 10*a**2 - 2 - 8*a**2 + 13*a**2 + 20*a**2. Let c be w(2). Suppose -c + 388 = 7*t. What is the units digit of t?
6
Suppose -5*j = l - 35747, -9*j = -10*j - l + 7147. Suppose -j = -11*v - 11*v. What is the units digit of v?
5
Let u(d) = -d**3 + 19*d**2 - 7*d + 4. Let x be u(10). Suppose x = 7*o - 1399. Suppose -h = 5*w - 46 - o, 2*h = 5*w - 380. What is the units digit of w?
4
Let h(d) = -3*d**3 - d**2 - d + 1. Let p(a) = 10*a**3 - 12*a**2 - 43*a + 8. Let f(y) = -3*h(y) - p(y). What is the units digit of f(-5)?
9
Suppose 4*r = -2*f + 20, -5*f - 3*r + 5*r - 10 = 0. Suppose f = 12*s - 4241 - 67. What is the tens digit of s?
5
What is the hundreds digit of (36/144)/((-2)/(-41992))?
2
Let z(s) = -4*s**3 - 6*s**2 - 199*s - 3085. What is the tens digit of z(-16)?
4
Let l(p) = 2410*p + 80. What is the units digit of l(1)?
0
Let y = 24058 - 17737. What is the hundreds digit of y?
3
Let f be (-115)/(-15) - (-1)/3 - 4. Suppose -f*v = -5*v + 15. What is the tens digit of v?
1
Let n(d) = -765*d + 31. Let v be n(-7). Suppose -v = -16*l + 7526. What is the tens digit of l?
0
Suppose -3*x + 12 = 3*q, 2*q - 10*x - 8 = -7*x. Suppose 0 = -m + 2, -2*c - q*m + 905 = -203. What is the units digit of c?
0
Let b(i) = -2*i - 645. Let z be b(0). What is the tens digit of (z/(-30))/(2/12)?
2
Suppose 18*s + 81 = 9*s. What is the units digit of 1394/5 + s/5 + 2?
9
Let v(d) = d**3 - d**2 - 6*d + 5. Let m be v(2). Let i be m - (-272)/(-4)*-1. Suppose 2*w = w - 3*u + 69, -i = -w - 2*u. What is the units digit of w?
7
Suppose -23*o = -180 + 42. What is the units digit of (-3)/(9/o)*-214?
8
Let w(i) = 20158*i + 651. What is the tens digit of w(1)?
0
Let x(z) = 2*z + 6. Let s be x(0). Let w(d) = -d**2 + 20*d - 40. Let f be w(s). Suppose 5*q = 4*q + f. What is the tens digit of q?
4
Suppose -3*o - 3*r = -2*o - 210, r + 226 = o. Let g be 5/(20/12) + 2/1. Suppose 0 = -g*b + 153 + o. What is the tens digit of b?
7
Let j = 79 - -11. Let t = j + -90. Let m(l) = -l**3 + 255. What is the units digit of m(t)?
5
Let r(n) = n**3 - 16*n**2 + n - 4. Let v be r(16). What is the units digit of (-464)/v*(-75)/20?
5
Let f(k) be the third derivative of 0 + 1/3*k**3 + 1/4*k**5 - 15*k**2 + 0*k + 0*k**4. What is the units digit of f(2)?
2
Let q = -213 + 306. Let o = -37 + q. What is the tens digit of o?
5
Suppose -3*f = 2*u + 2*f - 104109, 4*u = 4*f + 208176. What is the tens digit of u?
4
Let y(o) = 65*o**3 + 24*o + 86. What is the tens digit of y(6)?
7
Let o(r) = -r + 12. Let q(n) = -3*n + 47. Let y(k) = 9*o(k) - 2*q(k). Let g be y(4). Suppose -6 = -g*t + 26. What is the tens digit of t?
1
Let p(g) be the first derivative of 2*g**3 + 38*g + 49. What is the units digit of p(-7)?
2
What is the hundreds digit of 36/(-3) - -48442 - -19?
4
Suppose -17693 = 58*i - 374857. What is the hundreds digit of i?
1
Suppose 0 = -67*w + 107*w - 152400. What is the units digit of w?
0
Let a(v) = 157*v - 18. Let c be a(3). Suppose 0 = -4*i + 3*t + 604, 3*i - 24*t - c = -19*t. What is the tens digit of i?
5
Suppose 0*y - 72552 = 40*y - 729912. What is the ten thousands digit of y?
1
Suppose -5*u + 2*t + 64803 = 0, 32*u + 38880 = 35*u - 3*t. What is the thousands digit of u?
2
Suppose 0 = -4*a + a + 5*x + 21, -2*a + 3*x + 13 = 0. Suppose -70*t + 1370 = 1160. Suppose -a*f + 280 = t*f. What is the tens digit of f?
5
Let p be (-8 - -2 - -2) + (-110)/(-5). Suppose 2*f - p*f + 9968 = 0. What is the tens digit of f?
2
Suppose -10 + 4 = 2*h. Suppose -73*c - 71*c = 60*c - 2040. What is the units digit of (4/3)/2 - c/h?
4
Suppose 11*b + 19535 = 97536. What is the units digit of b?
1
Suppose 2825 = 45*n + 575. What is the tens digit of (n + -51)/((-1)/167)?
6
Let b = -1016 - -7733. What is the hundreds digit of b?
7
Suppose 4*h + 23124 = v + 6550, -5*h - 16577 = -v. What is the units digit of v?
2
Suppose 8835 = -7*o + 2*o. Let y = o - -3126. Suppose -13*r = -y - 123. What is the tens digit of r?
1
Let q = 224 - 219. Suppose -2*b + 1936 = q*z, 3*z - 1161 = -5*b + 4*b. What is the hundreds digit of z?
3
Suppose -61 = 4*m + t, 29*m = 26*m - 2*t - 47. Let h(n) = -n**3 + 9*n**2 - 7*n + 12. Let y be h(10). Let c = m - y. What is the tens digit of c?
4
Let g be (-26)/(-117) + -2 + 40764/27. Suppose 4*c - g = -60. What is the units digit of c?
2
Let k = -34 + 50. Let d(c) = -c**2 + 40*c - k + 3*c**2 - 41*c. What is the units di